(f) = f**2 + 1. Let j(r) be the second derivative of -r**4/6 + r**3/3 - r**2 - 24*r. Let v(u) = 3*c(u) + j(u). Give v(-1).
0
Let m = -8 + 12. Let d(x) be the first derivative of 1/3*x**3 + 6 + 6*x - 5/2*x**2. Determine d(m).
2
Let y(q) be the third derivative of q**5/60 - q**4/24 + q**3/3 + q**2 - 50*q. Calculate y(1).
2
Let k be (-2)/6 - (336/(-18))/8. Let x(g) = -g**3 + 7*g**k + 29 - 5*g - 20 - 10. Suppose 4*i + 0*i + 18 = 5*m, 0 = -3*m + 2*i + 12. Calculate x(m).
5
Let r(g) = -g**2 - 3*g - 5. Let k = -1254 + 1250. Determine r(k).
-9
Let o(t) = -12*t. Let v(q) = 25*q - 21. Let m(b) = 2*o(b) + v(b). Determine m(-13).
-34
Let s(t) be the first derivative of -t**4/4 + 8*t**3/3 + 3*t**2 + t + 144. Give s(9).
-26
Suppose 5*l - 3*u = 93, -4*u + 0 = 2*l - 32. Let h = l + 1. Let d = 17 - h. Let i(w) = w**3 + w**2 - w - 1. Give i(d).
-3
Let y(p) = -30*p + 356. Let u be y(12). Suppose 2*h = 5*m - 2*m + 6, -4*h + 3*m = -6. Let o(g) = -6 + g + 2 + g + h*g. Calculate o(u).
-12
Let j = -63 + 59. Let y be -2 - (-3 + 3 - j). Let c(a) = 6*a + a**2 + 4 - 2 + 4. Calculate c(y).
6
Suppose -5*x + 2*x + 456 = 0. Suppose 120 + x = 2*f. Let p(r) = -r + 3*r + 131 - f. Give p(6).
7
Let v(h) be the second derivative of h**5/60 + h**4/12 + h**3/3 - 2*h. Let f(n) be the second derivative of v(n). Let x be 4/3 + 154/(-21). Determine f(x).
-10
Let x(u) = -2*u**2 - 5 - 993*u**3 - 4*u**2 - 2*u**2 + 10*u + 994*u**3. Calculate x(6).
-17
Let b(j) = -j**2 + 8*j + 7. Let m(y) = -y**2 + 7*y + 8. Let a(q) = 3*b(q) - 4*m(q). Give a(6).
1
Let w(x) = -x + 3. Let a(n) = 5*n**2 + 2*n - 30. Let j(g) = -14*g**2 - 5*g + 90. Let t(y) = 11*a(y) + 4*j(y). Let z be t(6). Calculate w(z).
-3
Let d(i) be the third derivative of -5*i**4/24 - 3*i**3/2 + 231*i**2 - 2. Give d(-5).
16
Let t(j) = -j**2 + j + 12. Let r(z) = -z**2 + 5. Let l(s) = 5*r(s) - 2*t(s). What is l(-2)?
-7
Let g(a) = a - 3. Let d be g(9). Let b(p) = -5*p**3 + 4*p**3 - 3*p + 4*p**2 + 216 + 3*p**2 - 223. Calculate b(d).
11
Let y be -2*((-7)/2 - -6). Let u be (0 + -3)/(3/(-6)). Let v(i) = 20*i + 26. Let j(s) = 7*s + 9. Let m(g) = u*v(g) - 17*j(g). Give m(y).
-2
Let s = 2700 + -2693. Let a(l) = 6*l**2 - l + 9. Let v(r) = -r**2 - r - 1. Let t(h) = a(h) + 5*v(h). What is t(s)?
11
Let n(w) be the third derivative of w**5/20 - w**4/12 - w**3/6 + 156*w**2. Give n(3).
20
Let k(f) be the third derivative of 0*f**3 - 5*f**2 + 0 - 1/8*f**4 + 0*f - 7/720*f**6 + 0*f**5. Let a(v) be the second derivative of k(v). What is a(1)?
-7
Let a(f) = f**3 + 7*f**2 - 8*f - 5. Suppose 30 = 3*o - 3*c, -4*c + 2 = o - 8. Let z be 9/3 + 0 - 1 - o. Give a(z).
-5
Let u(t) be the second derivative of -t**7/840 + 7*t**6/360 - 3*t**5/40 + 3*t**4/8 + 2*t**3 - 20*t. Let f(c) be the second derivative of u(c). Calculate f(6).
-9
Let b be 326/(-30) + 28/(-210). Let l(t) = 2*t + 15. What is l(b)?
-7
Let u(a) = a + 2. Let s = -15 - -3. Let w = -9 - s. Suppose 0 = -w*h - 2*h. What is u(h)?
2
Let v(j) be the second derivative of -j**5/20 + j**4/4 + j**3/6 - 92*j. What is v(3)?
3
Let l(j) = -20*j + 54. Let p(c) = 14*c - 36. Let g(f) = -5*l(f) - 7*p(f). What is g(10)?
2
Suppose 3*n = 9 + 30. Let r(g) = -3*g + 4*g + n + 0*g. What is r(-6)?
7
Let a(j) be the third derivative of -j**6/120 + 3*j**5/20 - 3*j**4/8 + 5*j**3/6 - 3*j**2. Let c be (6/(-12))/((-15)/240). Calculate a(c).
-3
Let f = -11 - -10. Let t(y) = -12*y - 1. Let r be t(f). Let l(x) = -x**3 + 12*x**2 - 11*x. Let z be l(r). Let v(s) = s + 9. Calculate v(z).
9
Let x(g) = -1 - 5*g**2 - g**3 + 3 + 9*g + 2*g - 13*g. Let p be x(-4). Let d(m) be the third derivative of -m**5/60 - m**4/3 - 4*m**3/3 - 5*m**2. Calculate d(p).
4
Let x(f) = -8*f - 26. Let u(n) = 3*n + 9. Let w(t) = -17*u(t) - 6*x(t). What is w(-6)?
21
Let r(u) = 12*u + 206. Let i be r(-17). Let q(d) be the first derivative of -d**4/2 + 2*d**2 - 3*d + 9. Determine q(i).
-11
Let w(g) = -379 - g**2 + 376 - 3*g + 2*g. Calculate w(5).
-33
Let c(o) be the third derivative of -o**6/360 - 3*o**5/40 + 5*o**4/24 - 7*o**3/6 + 16*o**2. Let w(u) be the first derivative of c(u). Calculate w(-10).
-5
Suppose 10 = -2*g - 3*g. Let a = g - -7. Suppose -3*n = -7*n - 2*y - 26, -a*n + y - 29 = 0. Let u(z) = z + 4. Give u(n).
-2
Let u be (-9 - -8)/((-1)/3). Suppose u*t - 7*d - 45 = -2*d, 12 = -4*d. Suppose -8*v - t = -10*v. Let g(k) = k**2 - 4*k + 3. Give g(v).
8
Let r = 452 + -459. Let i(w) = 3*w + 14. Calculate i(r).
-7
Suppose 29*p = 51*p - 44. Let y(z) = -2*z**2. What is y(p)?
-8
Let m(f) = -f**3 - 7*f**2 - 3*f + 24. Let x be m(-6). Let p(l) = -2*l + 19. Let b(k) = k - 9. Let y(t) = 9*b(t) + 4*p(t). Give y(x).
1
Let w(q) = q**2 - 2*q - 8. Let y be w(0). Let r(k) = -k**2 - 12*k - 4. Determine r(y).
28
Suppose 11 = 5*m - 24. Suppose 3*h - 19 = -m. Let a(f) = -h*f - 2*f + 5 + 7*f. What is a(-4)?
1
Let q(u) be the second derivative of u**5/5 - u**2/2 - 4*u. Let f(p) = 15*p + 14. Let b be f(-1). What is q(b)?
-5
Suppose -2*j - j + 12 = 0. Let f(d) = -123 + 46 - d + 42 + 38. What is f(j)?
-1
Let p(g) = -10*g - 156. Let j be p(-16). Let n(t) = -t**2 + 5*t + 5. Calculate n(j).
9
Let n(l) be the second derivative of -l**6/360 - l**5/60 - l**4/12 - l**3 + 16*l. Let d(s) be the second derivative of n(s). Calculate d(-2).
-2
Let j(r) = r + 1. Let x be (-3)/2 + (-58)/(-4). Suppose 2*c - x = 3*c. Let g = c - -13. Give j(g).
1
Let a(s) = -12*s**3 - 2*s**2 - s. Suppose p - 23*k = -24*k + 1, 4*k - 8 = 0. Give a(p).
11
Let d(r) = -r**3 + 6*r**2 + 1. Let u be d(6). Suppose 25 = 5*f, -3*f + 19 = i + u. Let h(a) = -3*a - 4*a**i + 1 + 8*a**3 - 5*a**3 + 4*a**2. Determine h(3).
1
Let z(a) = -a**2 - 16*a - 15. Let d = 21 - 35. Give z(d).
13
Let u(d) = -d**2 - d - 1. Let c(k) = 2*k**2 + 11*k - 2. Let t(l) = -c(l) - 3*u(l). Calculate t(6).
-7
Let u(n) = 17*n. Suppose 0 = -p - 2*z + 9, 0 = 9*p - 13*p - 5*z + 24. What is u(p)?
17
Let a be 2/4 + (-126)/(-4). Let z(m) = 2*m - 33 + a - 4*m + 3*m**2 - 2*m**2. Determine z(3).
2
Let i(z) = 11*z**2 - 59*z - 5. Let h(c) = 9*c**2 - 48*c - 4. Let b(n) = -5*h(n) + 4*i(n). Let s = -6 - -11. Calculate b(s).
-5
Let f(s) = -s - 626 + 2*s + 0*s + 602. What is f(15)?
-9
Let w(l) = l + 1. Let c(s) = -5*s - 6. Let k(v) = c(v) + 6*w(v). Let b be (132/(-110))/(2/5). Give k(b).
-3
Let m = 26 - 20. Let x(z) = -2*z**2 - 5*z**2 + m*z + 3 + 8*z**2. Determine x(-7).
10
Let d(z) = -z**2 + 8*z - 6. Suppose 0 = 3*q + 1 + 26. Let y be 188/36 + 2/q. Determine d(y).
9
Let x(a) = -3*a**3 + 6*a**2 - 6*a. Let f(j) = 16*j**3 - 29*j**2 + 29*j + 1. Let z(m) = 2*f(m) + 11*x(m). Let n(w) = 2*w - 3. Let y be n(5). Calculate z(y).
-5
Let g be -14 + 9 + (-100)/(-10). Let i(r) = -r**2 + 7*r + 3. Give i(g).
13
Let o(y) = 2 - 6*y**2 + y**3 - 2 - 2 + 103*y - 99*y + 2*y**2. Calculate o(2).
-2
Suppose 4*a - 2 + 45 = -k, 2*a = 4*k - 44. Let y(l) = l + 6. Calculate y(a).
-6
Let q(p) = p**3 - 8*p**2 - 4*p + 10. Suppose 0 = 5*v + 4*f - 32, 5*v + 13*f - 15*f - 44 = 0. Give q(v).
-22
Let l(o) = -10*o + 15. Let t be l(2). Let b(r) = r**2 + 2*r - 7. Determine b(t).
8
Let g(v) = -2 + 3*v - 4*v**3 + 6*v**3 + v - 4*v**2. Let l(j) = -j**3 + j**2 - 2*j - 5. Let o be l(0). Let n(r) = r + 7. Let u be n(o). Determine g(u).
6
Suppose x + 13*u = 9*u + 5, -4*x - 6 = 3*u. Let n(y) = -y + 5. Determine n(x).
8
Suppose -2*k = -54*l + 50*l + 16, -3*l - k = -7. Let s(n) = 10*n**2 + 3*n + 2. Let z(o) = 11*o**2 + 4*o + 3. Let u(q) = 7*s(q) - 6*z(q). Calculate u(l).
23
Let j(k) = 506 + 2*k - 283 + 2*k**2 - 222 + k**3. Suppose -10 = -2*q + 4*i, 0 = -4*q - 3*i + 2*i - 16. Determine j(q).
-14
Let s(j) = -j**2 + 14*j + 3. Let g(l) = l**2 - 13*l - 4. Let h(x) = 2*g(x) + 3*s(x). Let v be h(16). Let n(p) = 10*p - 1. What is n(v)?
9
Let j(a) be the first derivative of 3*a**2/2 - 14. Let q(o) = o**3 + 4*o**2 - 5*o + 1. Let z be q(-5). Let w = 3 - z. Calculate j(w).
6
Let j(z) = 7*z + 164. Let s be j(-23). Let d(k) = -k**3 + 2*k**2 + 2*k - 3. Determine d(s).
-6
Let n(c) = c**3 - 3 + 5 - 1 - 9*c**2 + 5*c + 8. Let g be n(9). Let t be 1/6 - (-45)/g. Let k(i) = 8*i**3 + i**2 - i. What is k(t)?
8
Let t(p) = p**3 - 11*p**2 - 12*p + 7. Suppose 3*l + l = -l. Suppose 3*h - 2*v - 36 = -l*v, 4*v = 4*h - 48. Give t(h).
7
Let d be -30 - -29 - (0 + -3). Let i(m) = -2*m**3 + m**2 - m + 2. Determine i(d).
-12
Let r(n) = -n**3 - 3*n**2 - 3*n - 1. Let f(q)